-654)/(-4)*d/(-15) is divided by 27?
25
Suppose -255*p = -273*p + 3024. What is the remainder when p is divided by 36?
24
Let y be (-10)/(-4)*(-8)/(-5). Suppose -y = -2*f, -4*s + s + 2*f + 128 = 0. Suppose 0*q = q - s. What is the remainder when q is divided by 15?
14
Let l(c) = -c**2 + 17*c + 24. Let i be l(18). Suppose -3*f = d - 0 + i, d = 5*f - 46. Let z = d - -29. Calculate the remainder when 12 is divided by z.
4
Let u = -1 + 13. Let k(w) = 3*w**2 - 5*w + 8. Let d be k(6). Let g = d - 51. Calculate the remainder when g is divided by u.
11
Let v(r) = 2*r - 7. Let d(a) = 2*a - 6. Let j(l) = 3*d(l) - 2*v(l). Let b be j(4). Suppose b*o = 3*o + 17. Calculate the remainder when 33 is divided by o.
16
Let d(j) be the first derivative of -j**2/2 + 5*j + 7. Let f be d(8). Let k = f - -7. Calculate the remainder when 6 is divided by k.
2
Suppose 0 = 3*i - 3*z - 66, 4*i - 88 = -12*z + 14*z. What is the remainder when 461 is divided by i?
21
Let c(h) = -h**2 + 7*h - 6. Let p be c(8). Let r(n) = n**3 + 14*n**2 - n + 1. Let o be r(p). What is the remainder when 33 is divided by ((-8)/(-2))/2 + o?
16
What is the remainder when 320 + (-2 - -10) + 0 is divided by 57?
43
Suppose -v - 5*m + 257 = 2*m, 3*m - 1189 = -5*v. What is the remainder when v is divided by 34?
32
Let x(y) = -y**3 - 8*y**2 + 9*y + 9. Suppose 18 = -2*m - 0. Let b(d) = -30*d - 4. Calculate the remainder when b(-1) is divided by x(m).
8
Let n(z) = 2 + 0 - 6 - 6 + 4*z. What is the remainder when n(6) is divided by 5?
4
Let h = 0 - 5. Let u(t) = -t**3 + 11*t**2 - 11*t + 23. What is the remainder when (-257)/h + 6/(-15) is divided by u(10)?
12
Let j = 38 + 48. Let g = 93 - j. What is the remainder when (-4)/(-6) + (-62)/(-6) is divided by g?
4
Suppose 788*c - 450 = 770*c. Calculate the remainder when 1374 is divided by c.
24
Let o = -26 - -65. Calculate the remainder when o is divided by (-3 + (-108)/(-16))/((-1)/(-4)).
9
Suppose 4*x - 3*q + 111 = 7*x, -3*q = -15. What is the remainder when 154 is divided by x?
26
Suppose 40*b + 23*b - 1260 = 0. Calculate the remainder when (-1)/(-4) + 211/4 is divided by b.
13
Let m = -23 + 13. Let c = 11 + m. Suppose j = 0, u = 4*j + 4 - c. What is the remainder when 10 is divided by u?
1
Suppose o - 3*k - 12 = 23, 5*o + 3*k = 103. What is the remainder when 66 is divided by o?
20
Suppose 5*a + 5 - 25 = 0. Suppose -7*l + 4*l - 11 = -a*h, 5*h = -2*l + 31. What is the remainder when 13 is divided by h?
3
Let j be (4/8)/(3/72). Calculate the remainder when j/8 - (-345)/6 is divided by 16.
11
Let n(t) = -23*t - 7. Suppose 150*m - 142*m = 352. What is the remainder when n(-6) is divided by m?
43
Let o(k) = 16*k + 4. Let n(g) = -17*g - 3. Let j(q) = 5*n(q) + 6*o(q). Calculate the remainder when j(3) is divided by (-3)/((18/44)/(-3)).
20
Suppose 4*c - 320 = -c. Let d = -4 + 45. Let r = c - d. Calculate the remainder when r is divided by 8.
7
Suppose -115 = -3*h - 2*h + 4*v, -h + 29 = -2*v. Calculate the remainder when 359 is divided by h.
17
Let m be 2/(-3)*(-529 + 4)/(-7). Let d = 55 + m. What is the remainder when 17 is divided by d?
2
Let i(r) = -r**3 - 14*r**2 + 15*r + 14. Let y = -41 + 73. Let f = y - 47. What is the remainder when 41 is divided by i(f)?
13
Let i(r) = r**3 + 4*r**2 - r + 2. What is the remainder when 2/1*((16 - 1) + 5) is divided by i(-4)?
4
Suppose 4*k - 4*h + 2*h = 300, -4*h + 8 = 0. Calculate the remainder when 300 is divided by k.
72
Suppose -4*t - 24 = -s, -3 = -2*s - 5*t + 6. Let u = s - 0. What is the remainder when 45 is divided by u?
9
Suppose -4*l = 2*o - 248, 6*o - 5*o + 116 = 2*l. Suppose 0 = 2*m + 10 - 36. What is the remainder when l is divided by m?
8
Suppose -24*n + 22*n + 38 = 0. Let u = n + -13. What is the remainder when 39 is divided by u?
3
Suppose 75*o = 91*o - 256. Calculate the remainder when 22 is divided by o.
6
Let m(s) = 11*s - 79. What is the remainder when m(21) is divided by 53?
46
Suppose -3*s + 7 = -8. Let k = -19 + 70. Let w = k - s. What is the remainder when w is divided by 12?
10
Suppose -q = 8*a - 6*a - 16, -3*q - 2*a = -56. What is the remainder when 97 is divided by q?
17
Let g(v) = 2*v + 10. Let j be g(-1). Suppose 1 = 4*d - i - 2, 0 = 3*d + 4*i + 12. What is the remainder when 40 is divided by (-2)/(j/(-84) + d)?
19
Let a(q) = -q**3 + q + 2. Let k be a(0). Suppose k*x - 2 = 0, -2*m - m + 358 = 4*x. Calculate the remainder when m is divided by 20.
18
Suppose -3*l + 185 = 2*t - 35, -2*l = 5*t - 143. What is the remainder when l is divided by 26?
22
What is the remainder when 47 is divided by (0 + 20/(-2))/(-8)*8?
7
Calculate the remainder when (-588)/(-14)*(-12)/(-7) is divided by 51.
21
Let t = 51 + -22. Suppose -b - 2*b - 65 = -2*q, -2*b + t = q. Let n(p) = 5*p**2 - 2. What is the remainder when n(-5) is divided by q?
30
Suppose 167 = 4*a + 2*f - 29, -3*f - 82 = -2*a. Let g = 6342 - 6335. Calculate the remainder when a is divided by g.
5
Let y = -11 + 50. Calculate the remainder when 129 is divided by y.
12
Suppose -3*v - r + 16 = -0*r, 4*v - 14 = -5*r. Suppose -16 - 1 = -p. What is the remainder when p is divided by v?
5
Let l(q) = 4*q + 5. Suppose -29*u + 3469 - 192 = 0. What is the remainder when u is divided by l(6)?
26
Let k = -971 - -982. Calculate the remainder when 153 is divided by k.
10
Let g be 6*(-4)/(4 + 0). Let v be 12/28 - g/(-14). Suppose 0 = 2*n - i - 36, v*n + 4*n = 3*i + 74. What is the remainder when 31 is divided by n?
14
Let q = 1 - -1. Suppose 4*y + q*i - 7*i = 186, y = 3*i + 50. Calculate the remainder when y is divided by 16.
12
Let g(x) = -3*x**3 - 69*x**2 - x - 10. What is the remainder when 363 is divided by g(-23)?
12
Let l = 46 + -47. Let k = 19 + l. Calculate the remainder when 50 is divided by k.
14
Calculate the remainder when ((-4)/((-16)/(-2)))/(10/(-3600)) is divided by 21.
12
Suppose -5*y + 6 = -2*y, -4*y + 73 = 5*f. Let r = -6 + f. What is the remainder when 71 is divided by 16 + 1 + r + -6?
17
Let q = -62 + 55. Let o(y) = -9*y - 53. What is the remainder when 36 is divided by o(q)?
6
Let n be 21/(-14)*(564/(-9))/1. Let z = n - 85. What is the remainder when 10 is divided by z?
1
Let n(v) = 2*v**2 - 41*v + 229. Calculate the remainder when 60 is divided by n(13).
26
Suppose b + 4*i = -2*b + 34, -i = -2*b + 41. What is the remainder when (24/(-20))/((12/(-175))/4) is divided by b?
16
Let a = -67 - -101. Calculate the remainder when -54 + 61 - (-122 - (2 - -1)) is divided by a.
30
Let l(n) = 4*n**2 + 3*n + 1. Let m = -3 - -1. Let w(f) = f**3 - 5*f**2 - 5*f - 3. Calculate the remainder when l(m) is divided by w(6).
2
Let k(z) = 4*z - 222. Calculate the remainder when 654 is divided by k(59).
10
Suppose 0 = 2*p + 5*m - 2424, -4*p = -0*p - 5*m - 4848. What is the remainder when p is divided by 76?
72
Let b(u) = -u**3 - 2*u**2 + 12*u. What is the remainder when 672 is divided by b(-5)?
12
Suppose 4 = 3*b - 2. Calculate the remainder when (-2 - -1)*(-8 + -6 + 6) is divided by b.
0
Let y(r) = r - 7. Let d be y(5). Suppose -5*z + 64 = t, 24 = t - 3*z - 0*z. What is the remainder when t is divided by 3/((2/(-7))/d)?
18
Suppose 0 = -2*s + i + 157, -20*s - 3*i = -16*s - 289. What is the remainder when 307 is divided by s?
3
Let d be 25*(4 - 8/5). Let w = -28 + d. Calculate the remainder when w is divided by 12.
8
Suppose -7*f + 3*c = -12*f + 68, -c = -4*f + 68. Calculate the remainder when 431 is divided by f.
15
Suppose -5*w + 236 = -j, 0*j = 2*w - 4*j - 80. Suppose -4 - w = -4*s + 5*n, -n = 4*s - 76. What is the remainder when 35 is divided by s?
17
Suppose 0 = -9*i + 7*i + 20. Suppose -5*f - i + 50 = 0. What is the remainder when 23 is divided by f?
7
Suppose 4*y = -3*a + 3 + 1, -5*a = -2*y - 24. Suppose -w = h - 14, -a*w = -3*h + 30 + 5. What is the remainder when 62 is divided by h?
10
Suppose -2*l - 4*d + 6*d - 6 = 0, 4*l - 5*d + 14 = 0. Calculate the remainder when (-38)/l - (-13 + 18) is divided by 13.
7
Suppose -3*i = -4*l + 73, -4*i + i = -5*l + 92. Let x(h) = -3*h + 15. Let t be x(8). Calculate the remainder when ((-66)/t)/((-6)/(-45)) is divided by l.
17
Suppose 4*z - 3 = 5. Let q be z*(-3)/3 + -19. Calculate the remainder when (-30)/(-1)*q/(-35) is divided by 5.
3
Suppose 0*j = -j - 2*b + 5, 17 = j - 4*b. Let u = 34 + -60. What is the remainder when 4 + (-